{"id":8856,"date":"2025-06-11T15:33:44","date_gmt":"2025-06-11T15:33:44","guid":{"rendered":"https:\/\/nodo.convertirleads.cl\/?page_id=8856"},"modified":"2025-07-14T19:57:01","modified_gmt":"2025-07-14T19:57:01","slug":"noticias-2","status":"publish","type":"page","link":"https:\/\/nodo.convertirleads.cl\/index.php\/noticias-2\/","title":{"rendered":"Noticias"},"content":{"rendered":"\t\t<div data-elementor-type=\"wp-page\" data-elementor-id=\"8856\" class=\"elementor elementor-8856\" data-elementor-post-type=\"page\">\n\t\t\t\t<div class=\"elementor-element elementor-element-727b984 e-flex e-con-boxed e-con e-parent\" data-id=\"727b984\" data-element_type=\"container\">\n\t\t\t\t\t<div class=\"e-con-inner\">\n\t\t\t\t<div class=\"elementor-element elementor-element-f7d9e7f elementor-grid-3 elementor-grid-tablet-2 elementor-grid-mobile-1 elementor-posts--thumbnail-top elementor-widget elementor-widget-posts\" data-id=\"f7d9e7f\" data-element_type=\"widget\" data-settings=\"{&quot;classic_columns&quot;:&quot;3&quot;,&quot;classic_columns_tablet&quot;:&quot;2&quot;,&quot;classic_columns_mobile&quot;:&quot;1&quot;,&quot;classic_row_gap&quot;:{&quot;unit&quot;:&quot;px&quot;,&quot;size&quot;:35,&quot;sizes&quot;:[]},&quot;classic_row_gap_tablet&quot;:{&quot;unit&quot;:&quot;px&quot;,&quot;size&quot;:&quot;&quot;,&quot;sizes&quot;:[]},&quot;classic_row_gap_mobile&quot;:{&quot;unit&quot;:&quot;px&quot;,&quot;size&quot;:&quot;&quot;,&quot;sizes&quot;:[]}}\" data-widget_type=\"posts.classic\">\n\t\t\t\t<div class=\"elementor-widget-container\">\n\t\t\t\t\t\t\t<div class=\"elementor-posts-container elementor-posts elementor-posts--skin-classic elementor-grid\">\n\t\t\t\t<article class=\"elementor-post elementor-grid-item post-8864 post type-post status-publish format-standard hentry category-noticias tag-noticia\">\n\t\t\t\t<div class=\"elementor-post__text\">\n\t\t\t\t<h3 class=\"elementor-post__title\">\n\t\t\t<a href=\"https:\/\/nodo.convertirleads.cl\/index.php\/2025\/06\/11\/construyendo-un-futuro-sostenible-desde-la-region-de-los-lagos\/\" >\n\t\t\t\tConstruyendo un futuro sostenible desde la Regi\u00f3n de Los Lagos\t\t\t<\/a>\n\t\t<\/h3>\n\t\t\t\t<div class=\"elementor-post__meta-data\">\n\t\t\t\t\t<span class=\"elementor-post-date\">\n\t\t\tJune 11, 2025\t\t<\/span>\n\t\t\t\t<\/div>\n\t\t\t\t<div class=\"elementor-post__excerpt\">\n\t\t\t<p>En la segunda edici\u00f3n del &#8220;Encuentro de Desarrollo Sostenible&#8221;, organizado por AIEP y Comunidad B Patagonia, reunimos a actores clave del \u00e1mbito p\u00fablico y privado<\/p>\n\t\t<\/div>\n\t\t\n\t\t<a class=\"elementor-post__read-more\" href=\"https:\/\/nodo.convertirleads.cl\/index.php\/2025\/06\/11\/construyendo-un-futuro-sostenible-desde-la-region-de-los-lagos\/\" aria-label=\"Read more about Construyendo un futuro sostenible desde la Regi\u00f3n de Los Lagos\" tabindex=\"-1\" >\n\t\t\tLeer m\u00e1s &gt;\t\t<\/a>\n\n\t\t\t\t<\/div>\n\t\t\t\t<\/article>\n\t\t\t\t<article class=\"elementor-post elementor-grid-item post-8774 post type-post status-publish format-standard hentry category-opinion tag-opinion\">\n\t\t\t\t<div class=\"elementor-post__text\">\n\t\t\t\t<h3 class=\"elementor-post__title\">\n\t\t\t<a href=\"https:\/\/nodo.convertirleads.cl\/index.php\/2025\/06\/05\/participacion-ciudadana-temprana-garantias-para-empresas-y-comunidades-en-el-marco-de-la-evaluacion-ambiental\/\" >\n\t\t\t\tParticipaci\u00f3n Ciudadana Temprana: garant\u00edas para empresas y comunidades en el marco de la evaluaci\u00f3n ambiental\t\t\t<\/a>\n\t\t<\/h3>\n\t\t\t\t<div class=\"elementor-post__meta-data\">\n\t\t\t\t\t<span class=\"elementor-post-date\">\n\t\t\tJune 5, 2025\t\t<\/span>\n\t\t\t\t<\/div>\n\t\t\t\t<div class=\"elementor-post__excerpt\">\n\t\t\t<p>El Servicio de Evaluaci\u00f3n Ambiental public\u00f3 a fines de 2023 la actualizaci\u00f3n de la Gu\u00eda de Participaci\u00f3n Ciudadana Anticipada (PACA) -lanzada en 2013- denomin\u00e1ndose ahora<\/p>\n\t\t<\/div>\n\t\t\n\t\t<a class=\"elementor-post__read-more\" href=\"https:\/\/nodo.convertirleads.cl\/index.php\/2025\/06\/05\/participacion-ciudadana-temprana-garantias-para-empresas-y-comunidades-en-el-marco-de-la-evaluacion-ambiental\/\" aria-label=\"Read more about Participaci\u00f3n Ciudadana Temprana: garant\u00edas para empresas y comunidades en el marco de la evaluaci\u00f3n ambiental\" tabindex=\"-1\" >\n\t\t\tLeer m\u00e1s &gt;\t\t<\/a>\n\n\t\t\t\t<\/div>\n\t\t\t\t<\/article>\n\t\t\t\t<article class=\"elementor-post elementor-grid-item post-8772 post type-post status-publish format-standard hentry category-opinion tag-opinion\">\n\t\t\t\t<div class=\"elementor-post__text\">\n\t\t\t\t<h3 class=\"elementor-post__title\">\n\t\t\t<a href=\"https:\/\/nodo.convertirleads.cl\/index.php\/2025\/06\/05\/mujeres-en-los-directorios-una-decision-estrategica-que-impulsa-la-sostenibilidad\/\" >\n\t\t\t\tMujeres en los directorios: una decisi\u00f3n estrat\u00e9gica que impulsa la sostenibilidad\t\t\t<\/a>\n\t\t<\/h3>\n\t\t\t\t<div class=\"elementor-post__meta-data\">\n\t\t\t\t\t<span class=\"elementor-post-date\">\n\t\t\tJune 5, 2025\t\t<\/span>\n\t\t\t\t<\/div>\n\t\t\t\t<div class=\"elementor-post__excerpt\">\n\t\t\t<p>Cada mes de marzo se reaviva el debate sobre la importancia de incorporar mujeres en los directorios de empresas. Esta conversaci\u00f3n no deber\u00eda limitarse a<\/p>\n\t\t<\/div>\n\t\t\n\t\t<a class=\"elementor-post__read-more\" href=\"https:\/\/nodo.convertirleads.cl\/index.php\/2025\/06\/05\/mujeres-en-los-directorios-una-decision-estrategica-que-impulsa-la-sostenibilidad\/\" aria-label=\"Read more about Mujeres en los directorios: una decisi\u00f3n estrat\u00e9gica que impulsa la sostenibilidad\" tabindex=\"-1\" >\n\t\t\tLeer m\u00e1s &gt;\t\t<\/a>\n\n\t\t\t\t<\/div>\n\t\t\t\t<\/article>\n\t\t\t\t<article class=\"elementor-post elementor-grid-item post-8770 post type-post status-publish format-standard hentry category-opinion tag-opinion\">\n\t\t\t\t<div class=\"elementor-post__text\">\n\t\t\t\t<h3 class=\"elementor-post__title\">\n\t\t\t<a href=\"https:\/\/nodo.convertirleads.cl\/index.php\/2025\/06\/05\/lo-que-no-se-dice-cuesta-caro-la-importancia-de-hablar-claro-con-las-comunidades\/\" >\n\t\t\t\tLo que no se dice cuesta caro: la importancia de hablar claro con las comunidades\t\t\t<\/a>\n\t\t<\/h3>\n\t\t\t\t<div class=\"elementor-post__meta-data\">\n\t\t\t\t\t<span class=\"elementor-post-date\">\n\t\t\tJune 5, 2025\t\t<\/span>\n\t\t\t\t<\/div>\n\t\t\t\t<div class=\"elementor-post__excerpt\">\n\t\t\t<p>En el desarrollo de proyectos energ\u00e9ticos, especialmente aquellos vinculados a fuentes renovables como la e\u00f3lica, se ha vuelto cada vez m\u00e1s evidente que la transparencia<\/p>\n\t\t<\/div>\n\t\t\n\t\t<a class=\"elementor-post__read-more\" href=\"https:\/\/nodo.convertirleads.cl\/index.php\/2025\/06\/05\/lo-que-no-se-dice-cuesta-caro-la-importancia-de-hablar-claro-con-las-comunidades\/\" aria-label=\"Read more about Lo que no se dice cuesta caro: la importancia de hablar claro con las comunidades\" tabindex=\"-1\" >\n\t\t\tLeer m\u00e1s &gt;\t\t<\/a>\n\n\t\t\t\t<\/div>\n\t\t\t\t<\/article>\n\t\t\t\t<article class=\"elementor-post elementor-grid-item post-8751 post type-post status-publish format-standard hentry category-opinion tag-opinion\">\n\t\t\t\t<div class=\"elementor-post__text\">\n\t\t\t\t<h3 class=\"elementor-post__title\">\n\t\t\t<a href=\"https:\/\/nodo.convertirleads.cl\/index.php\/2025\/06\/05\/la-colaboracion-como-herramienta-para-abordar-la-sostenibilidad\/\" >\n\t\t\t\tLa colaboraci\u00f3n como herramienta para abordar la sostenibilidad\t\t\t<\/a>\n\t\t<\/h3>\n\t\t\t\t<div class=\"elementor-post__meta-data\">\n\t\t\t\t\t<span class=\"elementor-post-date\">\n\t\t\tJune 5, 2025\t\t<\/span>\n\t\t\t\t<\/div>\n\t\t\t\t<div class=\"elementor-post__excerpt\">\n\t\t\t<p>Por Francisco Valenzuela La idea de colaborar no es nueva. Tampoco su importancia en la construcci\u00f3n de realidades compartidas e incluso en la satisfacci\u00f3n de<\/p>\n\t\t<\/div>\n\t\t\n\t\t<a class=\"elementor-post__read-more\" href=\"https:\/\/nodo.convertirleads.cl\/index.php\/2025\/06\/05\/la-colaboracion-como-herramienta-para-abordar-la-sostenibilidad\/\" aria-label=\"Read more about La colaboraci\u00f3n como herramienta para abordar la sostenibilidad\" tabindex=\"-1\" >\n\t\t\tLeer m\u00e1s &gt;\t\t<\/a>\n\n\t\t\t\t<\/div>\n\t\t\t\t<\/article>\n\t\t\t\t<\/div>\n\t\t\n\t\t\t\t\t\t<\/div>\n\t\t\t\t<\/div>\n\t\t\t\t\t<\/div>\n\t\t\t\t<\/div>\n\t\t<div class=\"elementor-element elementor-element-e0ef9f7 e-flex e-con-boxed e-con e-parent\" data-id=\"e0ef9f7\" data-element_type=\"container\">\n\t\t\t\t\t<div class=\"e-con-inner\">\n\t\t\t\t<div class=\"elementor-element elementor-element-ea755c8 elementor-widget elementor-widget-button\" data-id=\"ea755c8\" data-element_type=\"widget\" data-widget_type=\"button.default\">\n\t\t\t\t<div class=\"elementor-widget-container\">\n\t\t\t\t\t\t\t\t\t<div class=\"elementor-button-wrapper\">\n\t\t\t\t\t<a class=\"elementor-button elementor-button-link elementor-size-sm\" href=\"https:\/\/nodo.convertirleads.cl\/index.php\/recursos\/\">\n\t\t\t\t\t\t<span class=\"elementor-button-content-wrapper\">\n\t\t\t\t\t\t\t\t\t<span class=\"elementor-button-text\">volver<\/span>\n\t\t\t\t\t<\/span>\n\t\t\t\t\t<\/a>\n\t\t\t\t<\/div>\n\t\t\t\t\t\t\t\t<\/div>\n\t\t\t\t<\/div>\n\t\t\t\t\t<\/div>\n\t\t\t\t<\/div>\n\t\t\t\t<\/div>\n\t\t","protected":false},"excerpt":{"rendered":"<p>volver<\/p>\n","protected":false},"author":2,"featured_media":0,"parent":0,"menu_order":0,"comment_status":"closed","ping_status":"closed","template":"elementor_canvas","meta":{"footnotes":""},"class_list":["post-8856","page","type-page","status-publish","hentry"],"_links":{"self":[{"href":"https:\/\/nodo.convertirleads.cl\/index.php\/wp-json\/wp\/v2\/pages\/8856","targetHints":{"allow":["GET"]}}],"collection":[{"href":"https:\/\/nodo.convertirleads.cl\/index.php\/wp-json\/wp\/v2\/pages"}],"about":[{"href":"https:\/\/nodo.convertirleads.cl\/index.php\/wp-json\/wp\/v2\/types\/page"}],"author":[{"embeddable":true,"href":"https:\/\/nodo.convertirleads.cl\/index.php\/wp-json\/wp\/v2\/users\/2"}],"replies":[{"embeddable":true,"href":"https:\/\/nodo.convertirleads.cl\/index.php\/wp-json\/wp\/v2\/comments?post=8856"}],"version-history":[{"count":11,"href":"https:\/\/nodo.convertirleads.cl\/index.php\/wp-json\/wp\/v2\/pages\/8856\/revisions"}],"predecessor-version":[{"id":9725,"href":"https:\/\/nodo.convertirleads.cl\/index.php\/wp-json\/wp\/v2\/pages\/8856\/revisions\/9725"}],"wp:attachment":[{"href":"https:\/\/nodo.convertirleads.cl\/index.php\/wp-json\/wp\/v2\/media?parent=8856"}],"curies":[{"name":"wp","href":"https:\/\/api.w.org\/{rel}","templated":true}]}}